{"id":16761,"date":"2019-06-06T16:54:44","date_gmt":"2019-06-06T14:54:44","guid":{"rendered":"http:\/\/intvla.unizg.hr\/?page_id=16761"},"modified":"2019-06-06T16:54:45","modified_gmt":"2019-06-06T14:54:45","slug":"antun-bilic","status":"publish","type":"page","link":"https:\/\/intvla.unizg.hr\/index.php\/antun-bilic\/","title":{"rendered":"Antun Bili\u0107"},"content":{"rendered":"<section class=\"wpb-content-wrapper\">\n<p>[vc_row row_type=&#8221;row&#8221; use_row_as_full_screen_section=&#8221;no&#8221; type=&#8221;full_width&#8221; angled_section=&#8221;no&#8221; text_align=&#8221;left&#8221; background_image_as_pattern=&#8221;without_pattern&#8221; css_animation=&#8221;&#8221;][vc_column][vc_column_text]<\/p>\n<h3><strong> doc. dr. sc. Antun Bili\u0107<\/strong><\/h3>\n<p>[\/vc_column_text][vc_empty_space][vc_column_text]<\/p>\n<p>[\/vc_column_text][\/vc_column][\/vc_row][vc_row row_type=&#8221;row&#8221; use_row_as_full_screen_section=&#8221;no&#8221; type=&#8221;full_width&#8221; angled_section=&#8221;no&#8221; text_align=&#8221;left&#8221; background_image_as_pattern=&#8221;without_pattern&#8221; padding_bottom=&#8221;75&#8243; css_animation=&#8221;&#8221;][vc_column width=&#8221;2\/3&#8243;][vc_column_text]<\/p>\n<p style=\"text-align: justify;\">Ro\u0111en je 19. prosinca 1985. u Zagrebu. Godine 2004. upisao se na Sveu\u010dili\u0161te u Zagrebu na Pravni fakultet, na kojem je 2009. diplomirao. Dobitnik je Rektorove nagrade za pisani rad 2006. te nagrade summa cum laudae 2010. godine. <\/p>\n<p>[\/vc_column_text][vc_empty_space][vc_column_text]<\/p>\n<p style=\"text-align: justify;\">Na tom je fakultetu od 2. studenoga 2010. bio zaposlen kao znanstveni novak \u2013 asistent, a od 1. prosinca 2016. kao poslijedoktorand na Katedri za trgova\u010dko pravo i pravo dru\u0161tava. U  zvanje znanstvenoga suradnika izabran je 13. srpnja 2017. te je upisan u Upisnik znanstvenika pri Ministarstvu znanosti i obrazovanja pod mati\u010dnim brojem znanstvenika 325152.<\/p>\n<p>[\/vc_column_text][vc_empty_space][vc_column_text]<\/p>\n<p style=\"text-align: justify;\">U svrhu izrade doktorskoga rada proveo je zimski semestar akademske godine 2015.\/2016. na Wirtschaftsuniversit\u00e4tu Wien, u Institutu za pravo srednje i isto\u010dne Europe. Disertaciju pod nazivom \u201eUgovorna solidarnost du\u017enika\u201c obranio je 15. lipnja 2016. Njegov glavni znanstveni interes obuhva\u0107a teme iz podru\u010dja obveznih odnosa s vi\u0161e od dvije osobe. Sudionik je nekoliko me\u0111unarodnih konferencija te vi\u0161egodi\u0161nji trener zagreba\u010dkoga Willem C. Vis moot tima. Autor je i koautor vi\u0161e znanstvenih i stru\u010dnih \u010dlanaka te poglavlja u knjigama. <\/p>\n<p>[\/vc_column_text][vc_empty_space][vc_column_text]<\/p>\n<p style=\"text-align: justify;\">Govori engleski i njema\u010dki jezik.<\/p>\n<p>[\/vc_column_text][vc_empty_space][vc_column_text]<\/p>\n<p>[\/vc_column_text][\/vc_column][vc_column width=&#8221;1\/3&#8243;][vc_single_image image=&#8221;16762&#8243; img_size=&#8221;medium&#8221; add_caption=&#8221;yes&#8221; qode_css_animation=&#8221;&#8221;][vc_empty_space][vc_column_text]<\/p>\n<h5>Predmeti<\/h5>\n<p>[\/vc_column_text][vc_separator type=&#8221;normal&#8221;][vc_column_text]<a href=\"\"> Trgova\u010dko pravo i pravo dru\u0161tava <\/a><\/p>\n<p><a href=\"\"><\/a><\/p>\n<p>[\/vc_column_text][vc_empty_space][vc_column_text]<\/p>\n<h5>Mati\u010dna ustanova<\/h5>\n<p>[\/vc_column_text][vc_separator type=&#8221;normal&#8221;][vc_column_text]Pravni fakultet Sveu\u010dili\u0161ta u Zagrebu[\/vc_column_text][\/vc_column][\/vc_row]<\/p>\n<\/section>","protected":false},"excerpt":{"rendered":"<p>[vc_row row_type=&#8221;row&#8221; use_row_as_full_screen_section=&#8221;no&#8221; type=&#8221;full_width&#8221; angled_section=&#8221;no&#8221; text_align=&#8221;left&#8221; background_image_as_pattern=&#8221;without_pattern&#8221; css_animation=&#8221;&#8221;][vc_column][vc_column_text] doc. dr. sc. Antun Bili\u0107 [\/vc_column_text][vc_empty_space][vc_column_text] [\/vc_column_text][\/vc_column][\/vc_row][vc_row row_type=&#8221;row&#8221; use_row_as_full_screen_section=&#8221;no&#8221; type=&#8221;full_width&#8221; angled_section=&#8221;no&#8221; text_align=&#8221;left&#8221; background_image_as_pattern=&#8221;without_pattern&#8221; padding_bottom=&#8221;75&#8243; css_animation=&#8221;&#8221;][vc_column width=&#8221;2\/3&#8243;][vc_column_text] Ro\u0111en je 19. prosinca 1985. u Zagrebu. Godine 2004. upisao se na Sveu\u010dili\u0161te u Zagrebu na Pravni fakultet, na kojem je&#8230;<\/p>\n","protected":false},"author":3,"featured_media":0,"parent":0,"menu_order":0,"comment_status":"closed","ping_status":"closed","template":"","meta":{"footnotes":""},"class_list":["post-16761","page","type-page","status-publish","hentry"],"_links":{"self":[{"href":"https:\/\/intvla.unizg.hr\/index.php\/wp-json\/wp\/v2\/pages\/16761","targetHints":{"allow":["GET"]}}],"collection":[{"href":"https:\/\/intvla.unizg.hr\/index.php\/wp-json\/wp\/v2\/pages"}],"about":[{"href":"https:\/\/intvla.unizg.hr\/index.php\/wp-json\/wp\/v2\/types\/page"}],"author":[{"embeddable":true,"href":"https:\/\/intvla.unizg.hr\/index.php\/wp-json\/wp\/v2\/users\/3"}],"replies":[{"embeddable":true,"href":"https:\/\/intvla.unizg.hr\/index.php\/wp-json\/wp\/v2\/comments?post=16761"}],"version-history":[{"count":2,"href":"https:\/\/intvla.unizg.hr\/index.php\/wp-json\/wp\/v2\/pages\/16761\/revisions"}],"predecessor-version":[{"id":16768,"href":"https:\/\/intvla.unizg.hr\/index.php\/wp-json\/wp\/v2\/pages\/16761\/revisions\/16768"}],"wp:attachment":[{"href":"https:\/\/intvla.unizg.hr\/index.php\/wp-json\/wp\/v2\/media?parent=16761"}],"curies":[{"name":"wp","href":"https:\/\/api.w.org\/{rel}","templated":true}]}}

Antun Bilić

<section class="wpb-content-wrapper">
<p>[vc_row row_type=&#8221;row&#8221; use_row_as_full_screen_section=&#8221;no&#8221; type=&#8221;full_width&#8221; angled_section=&#8221;no&#8221; text_align=&#8221;left&#8221; background_image_as_pattern=&#8221;without_pattern&#8221; css_animation=&#8221;&#8221;][vc_column][vc_column_text]</p>
<h3><strong> doc. dr. sc. Antun Bilić</strong></h3>
<p>[/vc_column_text][vc_empty_space][vc_column_text]</p>
<p>[/vc_column_text][/vc_column][/vc_row][vc_row row_type=&#8221;row&#8221; use_row_as_full_screen_section=&#8221;no&#8221; type=&#8221;full_width&#8221; angled_section=&#8221;no&#8221; text_align=&#8221;left&#8221; background_image_as_pattern=&#8221;without_pattern&#8221; padding_bottom=&#8221;75&#8243; css_animation=&#8221;&#8221;][vc_column width=&#8221;2/3&#8243;][vc_column_text]</p>
<p style="text-align: justify;">Rođen je 19. prosinca 1985. u Zagrebu. Godine 2004. upisao se na Sveučilište u Zagrebu na Pravni fakultet, na kojem je 2009. diplomirao. Dobitnik je Rektorove nagrade za pisani rad 2006. te nagrade summa cum laudae 2010. godine. </p>
<p>[/vc_column_text][vc_empty_space][vc_column_text]</p>
<p style="text-align: justify;">Na tom je fakultetu od 2. studenoga 2010. bio zaposlen kao znanstveni novak – asistent, a od 1. prosinca 2016. kao poslijedoktorand na Katedri za trgovačko pravo i pravo društava. U  zvanje znanstvenoga suradnika izabran je 13. srpnja 2017. te je upisan u Upisnik znanstvenika pri Ministarstvu znanosti i obrazovanja pod matičnim brojem znanstvenika 325152.</p>
<p>[/vc_column_text][vc_empty_space][vc_column_text]</p>
<p style="text-align: justify;">U svrhu izrade doktorskoga rada proveo je zimski semestar akademske godine 2015./2016. na Wirtschaftsuniversitätu Wien, u Institutu za pravo srednje i istočne Europe. Disertaciju pod nazivom „Ugovorna solidarnost dužnika“ obranio je 15. lipnja 2016. Njegov glavni znanstveni interes obuhvaća teme iz područja obveznih odnosa s više od dvije osobe. Sudionik je nekoliko međunarodnih konferencija te višegodišnji trener zagrebačkoga Willem C. Vis moot tima. Autor je i koautor više znanstvenih i stručnih članaka te poglavlja u knjigama. </p>
<p>[/vc_column_text][vc_empty_space][vc_column_text]</p>
<p style="text-align: justify;">Govori engleski i njemački jezik.</p>
<p>[/vc_column_text][vc_empty_space][vc_column_text]</p>
<p>[/vc_column_text][/vc_column][vc_column width=&#8221;1/3&#8243;][vc_single_image image=&#8221;16762&#8243; img_size=&#8221;medium&#8221; add_caption=&#8221;yes&#8221; qode_css_animation=&#8221;&#8221;][vc_empty_space][vc_column_text]</p>
<h5>Predmeti</h5>
<p>[/vc_column_text][vc_separator type=&#8221;normal&#8221;][vc_column_text]<a href=""> Trgovačko pravo i pravo društava </a></p>
<p><a href=""></a></p>
<p>[/vc_column_text][vc_empty_space][vc_column_text]</p>
<h5>Matična ustanova</h5>
<p>[/vc_column_text][vc_separator type=&#8221;normal&#8221;][vc_column_text]Pravni fakultet Sveučilišta u Zagrebu[/vc_column_text][/vc_column][/vc_row]</p>
</section>

<p>[vc_row row_type=&#8221;row&#8221; use_row_as_full_screen_section=&#8221;no&#8221; type=&#8221;full_width&#8221; angled_section=&#8221;no&#8221; text_align=&#8221;left&#8221; background_image_as_pattern=&#8221;without_pattern&#8221; css_animation=&#8221;&#8221;][vc_column][vc_column_text] doc. dr. sc. Antun Bilić [/vc_column_text][vc_empty_space][vc_column_text] [/vc_column_text][/vc_column][/vc_row][vc_row row_type=&#8221;row&#8221; use_row_as_full_screen_section=&#8221;no&#8221; type=&#8221;full_width&#8221; angled_section=&#8221;no&#8221; text_align=&#8221;left&#8221; background_image_as_pattern=&#8221;without_pattern&#8221; padding_bottom=&#8221;75&#8243; css_animation=&#8221;&#8221;][vc_column width=&#8221;2/3&#8243;][vc_column_text] Rođen je 19. prosinca 1985. u Zagrebu. Godine 2004. upisao se na Sveučilište u Zagrebu na Pravni fakultet, na kojem je&#8230;</p>
