{"id":16332,"date":"2016-02-16T18:13:25","date_gmt":"2016-02-16T18:13:25","guid":{"rendered":"http:\/\/intvla.unizg.hr\/?page_id=16332"},"modified":"2019-05-30T22:58:20","modified_gmt":"2019-05-30T20:58:20","slug":"ivana-kunda","status":"publish","type":"page","link":"https:\/\/intvla.unizg.hr\/index.php\/ivana-kunda\/","title":{"rendered":"Ivana Kunda"},"content":{"rendered":"<section class=\"wpb-content-wrapper\"><p>[vc_row row_type=&#8221;row&#8221; use_row_as_full_screen_section=&#8221;no&#8221; type=&#8221;full_width&#8221; angled_section=&#8221;no&#8221; text_align=&#8221;left&#8221; background_image_as_pattern=&#8221;without_pattern&#8221; css_animation=&#8221;&#8221;][vc_column][vc_column_text]<\/p>\n<h3><strong>Izv. prof. dr. sc. Ivana Kunda<\/strong><\/h3>\n<p>[\/vc_column_text][vc_empty_space][vc_column_text]<\/p>\n<p>[\/vc_column_text][\/vc_column][\/vc_row][vc_row row_type=&#8221;row&#8221; use_row_as_full_screen_section=&#8221;no&#8221; type=&#8221;full_width&#8221; angled_section=&#8221;no&#8221; text_align=&#8221;left&#8221; background_image_as_pattern=&#8221;without_pattern&#8221; padding_bottom=&#8221;75&#8243; css_animation=&#8221;&#8221;][vc_column width=&#8221;2\/3&#8243;][vc_column_text]<\/p>\n<p style=\"text-align: justify;\">Ivana Kunda je izvanredna profesorica i predstojnica Katedre za me\u0111unarodno i europsko\u00a0 privatno pravo Pravnog fakulteta Sveu\u010dili\u0161ta u Rijeci. Magistrirala je na poslijediplomskom znanstvenom sveu\u010dili\u0161nom studiju Pravo europskih integracija\u201c 2004. godine, a doktorsku disertaciju pod nazivom \u201ePravo mjerodavno za povrede prava intelektualnog vlasni\u0161tva\u201c obranila je 2008. godine na Pravnom fakultetu Sveu\u010dili\u0161ta u Zagrebu. Godine 2004. je polo\u017eila pravosudni ispit. Bila je \u010dlanica \u017dalbenih vije\u0107a za podru\u010dje \u017eiga, industrijskog dizajna i oznaka od 2008. do 2013. godine. Godine 2008. dodijeljena joj je nagrada Zaklade Sveu\u010dili\u0161ta u Rijeci.<\/p>\n<p>[\/vc_column_text][vc_empty_space][vc_column_text]<\/p>\n<p style=\"text-align: justify;\">Dobitnica je vi\u0161e znanstvenoistra\u017eiva\u010dkih stipendija u zemlji i inozemstvu, me\u0111u kojima i stipendije Vlade SAD-a <em>Fulbright Scholarship<\/em> za postdoktorsko istra\u017eivanje na <em>Columbia University<\/em> u New Yorku u SAD-u 2011. godine, stipendije <em>GRUR \u2013 Gewerblicher Rechtsschutz und Urheberrecht<\/em> za usavr\u0161avanje na <em>Max-Planck-Institut f\u00fcr Innovation und Wettbewerb<\/em> u Muenchenu u Njema\u010dkoj 2006. 2007., 2008. i 2014. godine. Bila je pozvana predava\u010dica na <em>European Academy of Law<\/em> u Trieru u Njema\u010dkoj te gostuju\u0107a profesorica na <em>Universidad de Navarra<\/em> u Pamploni u \u0160panjolskoj, a od 2015. predaje dio kolegija <em>Dirito della marca<\/em> na <em>Libera Universit\u00e0 di Lingue e Comunicazione Milan (IULM)<\/em> u Milanu u Italiji.<\/p>\n<p>[\/vc_column_text][vc_empty_space][vc_column_text]<\/p>\n<p style=\"text-align: justify;\">Trenuta\u010dno je u svojstvu istra\u017eiva\u010dice aktivna u pet doma\u0107ih i me\u0111unarodnih znanstvenih projekata od kojih su tri financirana sredstvima EU-a: <em>Business &amp; Human Rights Challenges for Cross Border Litigation in the European Union<\/em>, <em>EU Training Judiciary on Brussels II a Regulation: From South to East<\/em> i <em>Remedies Concerning Enforcement of Foreign Judgements According to Brussels 1 Recast<\/em>, a dva iz doma\u0107ih izvora, HRZZ-a: Pravni aspekti korporativnih akvizicija i restrukturiranje trgova\u010dkih dru\u0161tava utemeljeno na znanju, i Sveu\u010dili\u0161ta u Rijeci: Za\u0161tita korisnika na hrvatskom i europskom tr\u017ei\u0161tu financijskih usluga.<\/p>\n<p>[\/vc_column_text][vc_empty_space][vc_column_text]<\/p>\n<p style=\"text-align: justify;\">Objavila je \u010detrdesetak radova na hrvatskom, engleskom, \u0161panjolskom i njema\u010dkom jeziku, me\u0111u kojima je i jedna knjiga-monografija <em>Internationally Mandatory Rules of the Third Countries in the European Contract Conflict of Laws: The Rome Convention and the Proposal for the Rome I Regulation<\/em> iz 2007., jedna uredni\u010dka knjiga <em>Uredba Bruxelles I: izazovi hrvatskom pravosu\u0111u\/The Brussels I Regulation. Challenges for Croatian Judiciary<\/em> iz 2012. te nekoliko poglavlja u knjigama. Odr\u017eala je brojna izlaganja na me\u0111unarodnim i doma\u0107im znanstvenim i stru\u010dnim skupovima. Bila je voditeljica ili suvoditeljica nekoliko znanstvenih konferencija. \u010clanica je vi\u0161e znanstvenih skupina za istra\u017eivanje pojedinih pitanja iz njezine u\u017ee specijalnosti, uklju\u010duju\u0107i i <em>International Law Association Committee for Intellectual Property and Private International Law<\/em>.<\/p>\n<p>[\/vc_column_text][vc_empty_space][vc_column_text]<\/p>\n<p style=\"text-align: justify;\">Trenuta\u010dno je nositeljica\/sunositeljica triju obveznih kolegija na integriranom sveu\u010dili\u0161nom studiju prava na Pravnom fakultetu Sveu\u010dili\u0161ta u Rijeci: Pravno pisanje, Europsko pravo II i Me\u0111unarodno privatno pravo, te nekolicine izbornih kolegija me\u0111u kojima su i Europsko me\u0111unarodno privatno pravo, Pravo intelektualnog vlasni\u0161tva te Internetsko pravo. Nositeljica je kolegija Za\u0161tita intelektualnog vlasni\u0161tva trgova\u010dkog dru\u0161tva i Internetsko pravo na poslijediplomskom stru\u010dnom studiju Pravnog fakulteta Rijeci \u201eFinancijsko pravo trgova\u010dkih dru\u0161tava\u201c. Nositeljica je i kolegija Pravo intelektualnog vlasni\u0161tva na poslijediplomskom doktorskom studiju istog fakulteta. Na Filozofskom fakultetu Sveu\u010dili\u0161ta u Rijeci, bila je nositeljica kolegija Pravo medija, predavala je Autorsko pravo u okviru Te\u010daja zvuka i glazbe, a trenuta\u010dno je sunositeljica kolegija Pravni, organizacijski i upravlja\u010dki aspekti izdava\u010dke djelatnosti na doktorskom studiju Izdava\u0161tvo i mediji. Od 2012. godine sunositeljica je kolegija <em>European Private Law and Intellectual Property Law<\/em> u okviru ljetne \u0161kole <em>Intellectual Property Summer Institute \u2013 Croatia Summer Program<\/em> koju organiziraju Michigan State University i Sveu\u010dili\u0161te u Rijeci.<\/p>\n<p>[\/vc_column_text][vc_empty_space][vc_column_text]<\/p>\n<p>[\/vc_column_text][\/vc_column][vc_column width=&#8221;1\/3&#8243;][vc_single_image image=&#8221;16333&#8243; img_size=&#8221;medium&#8221; add_caption=&#8221;yes&#8221; qode_css_animation=&#8221;&#8221;][vc_empty_space][vc_column_text]<\/p>\n<h5>Predmeti<\/h5>\n<p>[\/vc_column_text][vc_separator type=&#8221;normal&#8221;][vc_column_text]<a href=\"http:\/\/intvla.unizg.hr\/index.php\/medunarodno-i-medunarodno-privatno-pravo-intelektualnog-vlasnistva\/\">Me\u0111unarodno i me\u0111unarodno privatno pravo intelektualnog vlasni\u0161tva\u00a0<\/a>[\/vc_column_text][vc_empty_space][vc_column_text]<\/p>\n<h5>Mati\u010dna ustanova<\/h5>\n<p>[\/vc_column_text][vc_separator type=&#8221;normal&#8221;][vc_column_text]Pravni fakultet Sveu\u010dili\u0161ta u\u00a0Rijeci[\/vc_column_text][\/vc_column][\/vc_row]<\/p>\n<\/section>","protected":false},"excerpt":{"rendered":"<p>[vc_row row_type=&#8221;row&#8221; use_row_as_full_screen_section=&#8221;no&#8221; type=&#8221;full_width&#8221; angled_section=&#8221;no&#8221; text_align=&#8221;left&#8221; background_image_as_pattern=&#8221;without_pattern&#8221; css_animation=&#8221;&#8221;][vc_column][vc_column_text] Izv. prof. dr. sc. Ivana Kunda [\/vc_column_text][vc_empty_space][vc_column_text] [\/vc_column_text][\/vc_column][\/vc_row][vc_row row_type=&#8221;row&#8221; use_row_as_full_screen_section=&#8221;no&#8221; type=&#8221;full_width&#8221; angled_section=&#8221;no&#8221; text_align=&#8221;left&#8221; background_image_as_pattern=&#8221;without_pattern&#8221; padding_bottom=&#8221;75&#8243; css_animation=&#8221;&#8221;][vc_column width=&#8221;2\/3&#8243;][vc_column_text] Ivana Kunda je izvanredna profesorica i predstojnica Katedre za me\u0111unarodno i europsko\u00a0 privatno pravo Pravnog fakulteta Sveu\u010dili\u0161ta u Rijeci. Magistrirala&#8230;<\/p>\n","protected":false},"author":3,"featured_media":0,"parent":0,"menu_order":0,"comment_status":"closed","ping_status":"closed","template":"","meta":{"footnotes":""},"_links":{"self":[{"href":"https:\/\/intvla.unizg.hr\/index.php\/wp-json\/wp\/v2\/pages\/16332"}],"collection":[{"href":"https:\/\/intvla.unizg.hr\/index.php\/wp-json\/wp\/v2\/pages"}],"about":[{"href":"https:\/\/intvla.unizg.hr\/index.php\/wp-json\/wp\/v2\/types\/page"}],"author":[{"embeddable":true,"href":"https:\/\/intvla.unizg.hr\/index.php\/wp-json\/wp\/v2\/users\/3"}],"replies":[{"embeddable":true,"href":"https:\/\/intvla.unizg.hr\/index.php\/wp-json\/wp\/v2\/comments?post=16332"}],"version-history":[{"count":2,"href":"https:\/\/intvla.unizg.hr\/index.php\/wp-json\/wp\/v2\/pages\/16332\/revisions"}],"predecessor-version":[{"id":16589,"href":"https:\/\/intvla.unizg.hr\/index.php\/wp-json\/wp\/v2\/pages\/16332\/revisions\/16589"}],"wp:attachment":[{"href":"https:\/\/intvla.unizg.hr\/index.php\/wp-json\/wp\/v2\/media?parent=16332"}],"curies":[{"name":"wp","href":"https:\/\/api.w.org\/{rel}","templated":true}]}}