{"id":16148,"date":"2016-02-09T13:42:04","date_gmt":"2016-02-09T13:42:04","guid":{"rendered":"http:\/\/intvla.unizg.hr\/?page_id=16148"},"modified":"2019-06-02T14:14:29","modified_gmt":"2019-06-02T12:14:29","slug":"dubravko-babic","status":"publish","type":"page","link":"https:\/\/intvla.unizg.hr\/index.php\/dubravko-babic\/","title":{"rendered":"Dubravko Babi\u0107"},"content":{"rendered":"<section class=\"wpb-content-wrapper\"><p>[vc_row row_type=&#8221;row&#8221; use_row_as_full_screen_section=&#8221;no&#8221; type=&#8221;full_width&#8221; angled_section=&#8221;no&#8221; text_align=&#8221;left&#8221; background_image_as_pattern=&#8221;without_pattern&#8221; css_animation=&#8221;&#8221;][vc_column][vc_column_text]<\/p>\n<h3><strong>Izv. prof. dr. sc. Dubravko Babi\u0107<\/strong><\/h3>\n<p>[\/vc_column_text][vc_empty_space][vc_column_text]<\/p>\n<p>[\/vc_column_text][\/vc_column][\/vc_row][vc_row row_type=&#8221;row&#8221; use_row_as_full_screen_section=&#8221;no&#8221; type=&#8221;full_width&#8221; angled_section=&#8221;no&#8221; text_align=&#8221;left&#8221; background_image_as_pattern=&#8221;without_pattern&#8221; padding_bottom=&#8221;75&#8243; css_animation=&#8221;&#8221;][vc_column width=&#8221;2\/3&#8243;][vc_column_text]<\/p>\n<p>Dubravko I. Babi\u0107\u00a0ro\u0111en je u Zagrebu u Hrvatskoj. Diplomirao je na Fakultetu elektrotehnike i ra\u010dunarstva Sveu\u010dili\u0161ta u Zagrebu 1982., a magistrirao je 1984. godine i doktorirao 1995. godine na Sveu\u010dili\u0161tu u Kaliforniji, Santa Barbara.<\/p>\n<p>[\/vc_column_text][vc_empty_space][vc_column_text]<\/p>\n<p>Od 1982. do 1985. godine radio je kao postdiplomski student na kapacitivnim metodama mjerenja diskontinuiteta u energetskim vrpcama\u00a0na AlGaAs\/GaAs heterospojevima sa prof. dr. sc. Herbertom Kroemerom (dobitnik Nobelove nagrade za 2000. g.) na Kalifornijskom Sveu\u010dili\u0161tu u Santa Barbari.\u00a0\u00a0Od 1985. do 1989. godine radio je u tvrtki Avantek, Inc. u Santa Clari na razvoju mikrovalnih dioda za preklapanje i ograni\u010davanje (10 GHz i 40 GHz) i na varaktorskim diodama za naponski kontrolirane oscilatore na 3 GHz.<\/p>\n<p>[\/vc_column_text][vc_empty_space][vc_column_text]<\/p>\n<p>Godine 1989. pridru\u017eio se grupi za ultrabrzu\u00a0optoelektroniku\u00a0na Sveu\u010dili\u0161tu u Kaliforniji, Santa Barbara sa profesorima John E. Bowers i Evelyn L. Hu kako bi kao doktorski student radio na razvoju lasera s vertikalnom rezonantnom \u0161upljinom (VCSEL) gdje je 1995. prvi na svijetu demonstrirao VCSEL na 1550nm koji je radio na sobnoj temperaturi u kontinuiranom re\u017eimu. Od 1995. do 1999. godine radio je u Hewlett-Packard laboratoriju u Palo Altu u Kaliforniji kao \u010dlan tehni\u010dkog osoblja na razvoju VCSEL dioda kori\u0161tenjem\u00a0<em>wafer-bonding<\/em>\u00a0<wbr \/>tehnologije.<\/p>\n<p>[\/vc_column_text][vc_empty_space][vc_column_text]<\/p>\n<p>Godine 1999. osnovao je startup\u00a0Alvesta Corporation (Sunnyvale, CA) koja je proizvodila 10Gb\/s vi\u0161ekanalne svjetlovodne module. Prvo je radio kao glavni direktor (Chief Executive Officer), a\u00a0kasnije (2001. godine) kao glavni tehni\u010dki direktor (Chief Technical Officer).\u00a0 Za Alvestu je dobavio $20 milijuna\u00a0rizi\u010dnog kapitala i njome upravljao do prve prodaje proizvoda 2000. godine (Alvestu je kupila Emcore Corporation 2002. godine).\u00a0Izme\u0111u 2003. i 2008. godine radio je kao savjetnik za Clariphy Communications, Inc. (Irvine, SAD) i XLoom Communications, Ltd (Tel Aviv, Israel) na razvoju opti\u010dkih i elektroni\u010dkih \u00a0komponenti za velike brzine prijenosa.<\/p>\n<p>[\/vc_column_text][vc_empty_space][vc_column_text]<\/p>\n<p>Od 2008. do 2013. godine vodio je razvoj radiofrekvencijskih\u00a0i milimetarskih poja\u010dala temeljenih na AlGaN\/GaN tranzistorima sa efektom polja koji su izra\u0111eni na sinteti\u010dkom dijamantu\u00a0kao potpredsjednik za tehnologiju i suosniva\u010d\u00a0 startupa Group4 Labs, Inc. (Fremont, CA) gdje je razvio postupak za lasersko oblikovanje dijamantnih \u010dipova i izgradio\u00a0 sustav za mjerenje pouzdanosti tranzistora, a njegov tim prvi na svijetu demonstrirao kompletno poja\u010dalo (u ku\u010di\u0161tu) na 10 GHz temeljeno na tehnologiji galijevog nitrida na dijamantu (Group4 Labs je kupila tvrtka Element Six 2013. godine).<\/p>\n<p>[\/vc_column_text][vc_empty_space][vc_column_text]<\/p>\n<p>Nakon Group4 Labs\u00a0sudjelovao je u osnivanju\u00a0u Eridan Communications, Inc., startup tvrtke\u00a0u Santa Clari, CA, koja razvija polarne modulatore za be\u017ei\u010dne komunikacije temeljene na galijevom\u00a0nitridu\u00a0(GaN). Od 2012. godine radi na Fakultetu elektrotehnike i ra\u010dunarstva Sveu\u010dili\u0161ta u Zagrebu u\u00a0Laboratoriju za primjenjenu optiku\u00a0Zavoda za radiokomunikacije na FERu, a 2017. godine izabran je za izvanrednog profesora.<\/p>\n<p>[\/vc_column_text][vc_empty_space][vc_column_text]<\/p>\n<p>Prof. Babi\u0107 je toku karijere upravljao intelektualnim vlasni\u0161tvom i ugovarao transfer tehnologije\/licence za start-up poduze\u0107a za koje je radio. Tako\u0111er je niz godina radio kao sudski vje\u0161tak za\u00a0intelektualno vlasni\u0161tvo u SAD (2003-2012) i Hrvatskoj (2017). Od 2005. godine pi\u0161e patentne prijave za industrijske klijente u SAD, a od 2012\u00a0za FER.<\/p>\n<p>[\/vc_column_text][vc_empty_space][vc_column_text]<\/p>\n<p>Znanstveni interesi prof. Babi\u0107a uklju\u010duju optoelektroni\u010dke i elektroni\u010dke komponente za velike brzine prijenosa informacija, poluvodi\u010dke komponente i optiku te aktivnosti vezane za izradu nanosatelita i svemirske tehnologije. Objavio je preko 140 publikacija u \u010dasopisima i na konferencijama, ima 35\u00a0odobrenih patenata i napisao je jedno poglavlje u knjizi (Web of Science\u00a0<em>h<\/em>-index\u00a027, a Google Scholar\u00a0<em>h<\/em>-index je 33)<\/p>\n<p>[\/vc_column_text][vc_empty_space][vc_column_text]<\/p>\n<p>[\/vc_column_text][\/vc_column][vc_column width=&#8221;1\/3&#8243;] <img loading=\"lazy\" decoding=\"async\" class=\"alignnone size-medium wp-image-16679\" src=\"http:\/\/intvla.unizg.hr\/wp-content\/uploads\/2019\/06\/Dubravko-Babic_2018-291x300.jpg\" alt=\"\" width=\"291\" height=\"300\" srcset=\"https:\/\/intvla.unizg.hr\/wp-content\/uploads\/2019\/06\/Dubravko-Babic_2018-291x300.jpg 291w, https:\/\/intvla.unizg.hr\/wp-content\/uploads\/2019\/06\/Dubravko-Babic_2018.jpg 656w\" sizes=\"auto, (max-width: 291px) 100vw, 291px\" \/> [vc_empty_space][vc_column_text]<\/p>\n<h5>Predmeti<\/h5>\n<p>[\/vc_column_text][vc_separator type=&#8221;normal&#8221;][vc_column_text]<a href=\"http:\/\/intvla.unizg.hr\/index.php\/informacijsko-komunikacijske-tehnologije-i-intelektualno-vlasnistvo\/\">Informacijsko-komunikacijske tehnologije i intelektualno vlasni\u0161tvo<\/a>[\/vc_column_text][vc_empty_space][vc_column_text]<\/p>\n<h5>Mati\u010dna ustanova<\/h5>\n<p>[\/vc_column_text][vc_separator type=&#8221;normal&#8221;][vc_column_text]Fakultet elektrotehnike i ra\u010dunarstva\u00a0Sveu\u010dili\u0161ta u Zagrebu[\/vc_column_text][\/vc_column][\/vc_row]<\/p>\n<\/section>","protected":false},"excerpt":{"rendered":"<p>[vc_row row_type=&#8221;row&#8221; use_row_as_full_screen_section=&#8221;no&#8221; type=&#8221;full_width&#8221; angled_section=&#8221;no&#8221; text_align=&#8221;left&#8221; background_image_as_pattern=&#8221;without_pattern&#8221; css_animation=&#8221;&#8221;][vc_column][vc_column_text] Izv. prof. dr. sc. Dubravko Babi\u0107 [\/vc_column_text][vc_empty_space][vc_column_text] [\/vc_column_text][\/vc_column][\/vc_row][vc_row row_type=&#8221;row&#8221; use_row_as_full_screen_section=&#8221;no&#8221; type=&#8221;full_width&#8221; angled_section=&#8221;no&#8221; text_align=&#8221;left&#8221; background_image_as_pattern=&#8221;without_pattern&#8221; padding_bottom=&#8221;75&#8243; css_animation=&#8221;&#8221;][vc_column width=&#8221;2\/3&#8243;][vc_column_text] Dubravko I. Babi\u0107\u00a0ro\u0111en je u Zagrebu u Hrvatskoj. Diplomirao je na Fakultetu elektrotehnike i ra\u010dunarstva Sveu\u010dili\u0161ta u Zagrebu 1982., a&#8230;<\/p>\n","protected":false},"author":3,"featured_media":0,"parent":0,"menu_order":0,"comment_status":"closed","ping_status":"closed","template":"","meta":{"footnotes":""},"class_list":["post-16148","page","type-page","status-publish","hentry"],"_links":{"self":[{"href":"https:\/\/intvla.unizg.hr\/index.php\/wp-json\/wp\/v2\/pages\/16148","targetHints":{"allow":["GET"]}}],"collection":[{"href":"https:\/\/intvla.unizg.hr\/index.php\/wp-json\/wp\/v2\/pages"}],"about":[{"href":"https:\/\/intvla.unizg.hr\/index.php\/wp-json\/wp\/v2\/types\/page"}],"author":[{"embeddable":true,"href":"https:\/\/intvla.unizg.hr\/index.php\/wp-json\/wp\/v2\/users\/3"}],"replies":[{"embeddable":true,"href":"https:\/\/intvla.unizg.hr\/index.php\/wp-json\/wp\/v2\/comments?post=16148"}],"version-history":[{"count":14,"href":"https:\/\/intvla.unizg.hr\/index.php\/wp-json\/wp\/v2\/pages\/16148\/revisions"}],"predecessor-version":[{"id":16759,"href":"https:\/\/intvla.unizg.hr\/index.php\/wp-json\/wp\/v2\/pages\/16148\/revisions\/16759"}],"wp:attachment":[{"href":"https:\/\/intvla.unizg.hr\/index.php\/wp-json\/wp\/v2\/media?parent=16148"}],"curies":[{"name":"wp","href":"https:\/\/api.w.org\/{rel}","templated":true}]}}