{"id":15953,"date":"2016-01-26T16:12:16","date_gmt":"2016-01-26T16:12:16","guid":{"rendered":"http:\/\/virgo.pravo.hr\/intvla\/www\/wordpress\/?page_id=15953"},"modified":"2019-06-02T13:45:46","modified_gmt":"2019-06-02T11:45:46","slug":"vatroslav-skare","status":"publish","type":"page","link":"https:\/\/intvla.unizg.hr\/index.php\/vatroslav-skare\/","title":{"rendered":"Vatroslav \u0160kare"},"content":{"rendered":"<section class=\"wpb-content-wrapper\"><p>[vc_row row_type=&#8221;row&#8221; use_row_as_full_screen_section=&#8221;no&#8221; type=&#8221;full_width&#8221; angled_section=&#8221;no&#8221; text_align=&#8221;left&#8221; background_image_as_pattern=&#8221;without_pattern&#8221; css_animation=&#8221;&#8221;][vc_column][vc_column_text]<\/p>\n<h3><strong>Izv.prof.dr.sc Vatroslav \u0160kare<\/strong><\/h3>\n<p>[\/vc_column_text][vc_empty_space][vc_column_text]<\/p>\n<p>[\/vc_column_text][\/vc_column][\/vc_row][vc_row row_type=&#8221;row&#8221; use_row_as_full_screen_section=&#8221;no&#8221; type=&#8221;full_width&#8221; angled_section=&#8221;no&#8221; text_align=&#8221;left&#8221; background_image_as_pattern=&#8221;without_pattern&#8221; padding_bottom=&#8221;75&#8243; css_animation=&#8221;&#8221;][vc_column width=&#8221;2\/3&#8243;][vc_column_text]<\/p>\n<p>Vatroslav \u0160kare je izvandredni profesor na Katedri za marketing Ekonomskog fakulteta Sveu\u010dili\u0161ta u Zagrebu. U fokusu njegovog znanstvenog i nastavnog interesa je izrazito dinami\u010dno podru\u010dje digitalnog marketinga, a aktivno se bavi i podru\u010djima upravljanja proizvodom\/markom, inovacija usluga i imid\u017ea zemlje. Nakon stjecanja doktorata na Ekonomskom fakultetu Sveu\u010dili\u0161ta u Zagrebu 2011. godine, usavr\u0161avao se u Barceloni na poslovnoj \u0161koli IESE Business School \u2013 University of Navarra u sklopu programa \u201cIFP: International Faculty Program\u201d.<\/p>\n<p>[\/vc_column_text][vc_empty_space][vc_column_text]<\/p>\n<p>Nositelj je kolegija Digitalni marketing na integriranom studiju Poslovne ekonomije Ekonomskog fakulteta, a uz to sudjeluje u nastavi na kolegijima Upravljanje proizvodom, Marketing usluga i Upravljanje markom. Od akademske godine 2014\/2015. nositelj je kolegija \u201cDigital and Social Media Marketing\u201d na Ljubljana Summer School Ekonomskog fakulteta Sveu\u010dili\u0161ta u Ljubljani te na ISM University of Management and Economics u Vilniusu.<\/p>\n<p>[\/vc_column_text][vc_empty_space][vc_column_text]<\/p>\n<p>Osim \u0161to aktivno sudjeluje u obrazovanju studenata na integriranom studiju, sudjeluje i u edukaciji menad\u017eera na poslijediplomskim studijima. Tajnik je specijalisti\u010dkog poslijediplomskog studija \u201cMarketin\u0161ki menad\u017ement\u201d na kojemu je i nositelj kolegija \u201cElektroni\u010dki marketing\u201d i \u201cSimulacije u marketingu\u201d. Kao gost predava\u010d odr\u017eava predavanja iz podru\u010dja digitalnog marketinga na nekoliko sveu\u010dili\u0161ta u inozemstvu. Na doktorskom studiju &#8220;Ekonomija i poslovna ekonomija&#8221; sunositelj je kolegija &#8220;Izabrane teme poslovnog upravljanja&#8221; te je jedan od tajnika studija.<\/p>\n<p>[\/vc_column_text][vc_empty_space][vc_column_text]<\/p>\n<p>Sudjelovao je i izlagao na brojnim znanstvenim i stru\u010dnim, doma\u0107im i me\u0111unarodnim konferencijama. Sudjelovao je u organizacijskim odborima jedne doma\u0107e (XIX.Kongres CROMAR-a) i dviju me\u0111unarodnih znanstvenih konferencija (2nd\u00a0&amp; 3rd\u00a0Marketing Theory Challenges in Transitional Societies Conference). Autor je i koautor preko 30 znanstvenih radova te poglavlja u knjigama iz podru\u010dja digitalnog marketinga, inovacija usluga u digitalnom okru\u017eenju, mobilnog marketinga i lokacijskih usluga. Popis svih publikacija izv. prof. dr. sc. Vatroslava \u0160kare dostupan je na web stranici Hrvatske znanstvene bibliografije (<a href=\"http:\/\/bib.irb.hr\/lista-radova?autor=257542\" target=\"_blank\" rel=\"noopener noreferrer\" data-saferedirecturl=\"https:\/\/www.google.com\/url?q=http:\/\/bib.irb.hr\/lista-radova?autor%3D257542&amp;source=gmail&amp;ust=1558522908356000&amp;usg=AFQjCNH6T0ad_ce0BB1C4idVl1RjVpjLMA\">bib.irb.hr\/lista-radova?<wbr \/>autor=257542<\/a>). Dobitnik je nagrada \u201cDr. Mijo Mirkovi\u0107\u201d za znanstveni rad objavljen u \u010dasopisu \u201cJournal of Business Research\u201d 2007. i 2017. godine. Izv. prof. dr. sc. \u0160kare je tehni\u010dki urednik znanstvenog \u010dasopisa Market\/Tr\u017ei\u0161te te recenzent za nekoliko znanstvenih \u010dasopisa u Hrvatskoj i inozemstvu.<\/p>\n<p>[\/vc_column_text][vc_empty_space][vc_column_text]<\/p>\n<p>Nacionalni je predstavnik za Republiku Hrvatsku pri European Marketing Academy (EMAC), za period 2014-2019. Suradnik je u znanstveno-istra\u017eiva\u010dkom projektu \u201cExtended model of online Privacy Concern (PRICON)\u201d Ekonomskog instituta u Zagrebu, u sklopu kojeg istra\u017euje problematiku privatnosti potro\u0161a\u010da u digitalnom okru\u017eenju.\u00a0 Uz to, \u010dlan je istra\u017eiva\u010dkih timova projekata \u201cIstra\u017eivanje tr\u017ei\u0161ta u funkciji razvoja specifi\u010dnih oblika turizma Hrvatske\u201c (\u201cMarket Research in the Function of Special Interest Tourism Development in Croatia\u201c); naru\u010ditelj: Ministarstvo znanosti, obrazovanja i sporta Republike Hrvatske (\u0161ifra projekta: 067-0672288-2492, sije\u010danj 2007-danas) te \u201cStrategija izgradnje imid\u017ea Republike Hrvatske\u201c (\u201cImage-development Strategy for Republic of Croatia\u201c); naru\u010ditelj: Ministarstvo znanosti, obrazovanja i sporta Republike Hrvatske (\u0161ifra projekta: 0067020, svibanj 2003-prosinac 2006).<\/p>\n<p>[\/vc_column_text][vc_empty_space][vc_column_text]<\/p>\n<p>[\/vc_column_text][\/vc_column][vc_column width=&#8221;1\/3&#8243;] <img loading=\"lazy\" decoding=\"async\" class=\"alignnone size-medium wp-image-16685\" src=\"http:\/\/intvla.unizg.hr\/wp-content\/uploads\/2019\/06\/Vatroslav-\u0160kare-300x200.jpg\" alt=\"\" width=\"300\" height=\"200\" srcset=\"https:\/\/intvla.unizg.hr\/wp-content\/uploads\/2019\/06\/Vatroslav-\u0160kare-300x200.jpg 300w, https:\/\/intvla.unizg.hr\/wp-content\/uploads\/2019\/06\/Vatroslav-\u0160kare-768x512.jpg 768w, https:\/\/intvla.unizg.hr\/wp-content\/uploads\/2019\/06\/Vatroslav-\u0160kare-1024x682.jpg 1024w, https:\/\/intvla.unizg.hr\/wp-content\/uploads\/2019\/06\/Vatroslav-\u0160kare-700x467.jpg 700w, https:\/\/intvla.unizg.hr\/wp-content\/uploads\/2019\/06\/Vatroslav-\u0160kare.jpg 2000w\" sizes=\"(max-width: 300px) 100vw, 300px\" \/>[vc_empty_space][vc_column_text]<\/p>\n<h5>Predmeti<\/h5>\n<p>[\/vc_column_text][vc_separator type=&#8221;normal&#8221;][vc_column_text]<a href=\"http:\/\/intvla.unizg.hr\/index.php\/upravljanje-markom\/\">Upravljanje markom\u00a0<\/a>[\/vc_column_text][vc_empty_space][vc_column_text]<\/p>\n<h5>Mati\u010dna ustanova<\/h5>\n<p>[\/vc_column_text][vc_separator type=&#8221;normal&#8221;][vc_column_text]Ekonomski\u00a0fakultet Sveu\u010dili\u0161ta u Zagrebu[\/vc_column_text][\/vc_column][\/vc_row]<\/p>\n<\/section>","protected":false},"excerpt":{"rendered":"<p>[vc_row row_type=&#8221;row&#8221; use_row_as_full_screen_section=&#8221;no&#8221; type=&#8221;full_width&#8221; angled_section=&#8221;no&#8221; text_align=&#8221;left&#8221; background_image_as_pattern=&#8221;without_pattern&#8221; css_animation=&#8221;&#8221;][vc_column][vc_column_text] Izv.prof.dr.sc Vatroslav \u0160kare [\/vc_column_text][vc_empty_space][vc_column_text] [\/vc_column_text][\/vc_column][\/vc_row][vc_row row_type=&#8221;row&#8221; use_row_as_full_screen_section=&#8221;no&#8221; type=&#8221;full_width&#8221; angled_section=&#8221;no&#8221; text_align=&#8221;left&#8221; background_image_as_pattern=&#8221;without_pattern&#8221; padding_bottom=&#8221;75&#8243; css_animation=&#8221;&#8221;][vc_column width=&#8221;2\/3&#8243;][vc_column_text] Vatroslav \u0160kare je izvandredni profesor na Katedri za marketing Ekonomskog fakulteta Sveu\u010dili\u0161ta u Zagrebu. U fokusu njegovog znanstvenog i nastavnog interesa je izrazito&#8230;<\/p>\n","protected":false},"author":3,"featured_media":0,"parent":0,"menu_order":0,"comment_status":"closed","ping_status":"closed","template":"","meta":{"footnotes":""},"_links":{"self":[{"href":"https:\/\/intvla.unizg.hr\/index.php\/wp-json\/wp\/v2\/pages\/15953"}],"collection":[{"href":"https:\/\/intvla.unizg.hr\/index.php\/wp-json\/wp\/v2\/pages"}],"about":[{"href":"https:\/\/intvla.unizg.hr\/index.php\/wp-json\/wp\/v2\/types\/page"}],"author":[{"embeddable":true,"href":"https:\/\/intvla.unizg.hr\/index.php\/wp-json\/wp\/v2\/users\/3"}],"replies":[{"embeddable":true,"href":"https:\/\/intvla.unizg.hr\/index.php\/wp-json\/wp\/v2\/comments?post=15953"}],"version-history":[{"count":7,"href":"https:\/\/intvla.unizg.hr\/index.php\/wp-json\/wp\/v2\/pages\/15953\/revisions"}],"predecessor-version":[{"id":16688,"href":"https:\/\/intvla.unizg.hr\/index.php\/wp-json\/wp\/v2\/pages\/15953\/revisions\/16688"}],"wp:attachment":[{"href":"https:\/\/intvla.unizg.hr\/index.php\/wp-json\/wp\/v2\/media?parent=15953"}],"curies":[{"name":"wp","href":"https:\/\/api.w.org\/{rel}","templated":true}]}}