{"id":15938,"date":"2016-01-26T16:00:33","date_gmt":"2016-01-26T16:00:33","guid":{"rendered":"http:\/\/virgo.pravo.hr\/intvla\/www\/wordpress\/?page_id=15938"},"modified":"2019-05-31T00:06:13","modified_gmt":"2019-05-30T22:06:13","slug":"smiljka-vikic-topic","status":"publish","type":"page","link":"https:\/\/intvla.unizg.hr\/index.php\/smiljka-vikic-topic\/","title":{"rendered":"Smiljka Viki\u0107-Topi\u0107"},"content":{"rendered":"<section class=\"wpb-content-wrapper\"><p>[vc_row row_type=&#8221;row&#8221; use_row_as_full_screen_section=&#8221;no&#8221; type=&#8221;full_width&#8221; angled_section=&#8221;no&#8221; text_align=&#8221;left&#8221; background_image_as_pattern=&#8221;without_pattern&#8221; css_animation=&#8221;&#8221;][vc_column][vc_column_text]<\/p>\n<h3><strong>Mr. sc.\u00a0Smiljka Viki\u0107-Topi\u0107<\/strong><\/h3>\n<p>[\/vc_column_text][vc_empty_space][vc_column_text]<\/p>\n<p>[\/vc_column_text][\/vc_column][\/vc_row][vc_row row_type=&#8221;row&#8221; use_row_as_full_screen_section=&#8221;no&#8221; type=&#8221;full_width&#8221; angled_section=&#8221;no&#8221; text_align=&#8221;left&#8221; background_image_as_pattern=&#8221;without_pattern&#8221; padding_bottom=&#8221;75&#8243; css_animation=&#8221;&#8221;][vc_column width=&#8221;2\/3&#8243;][vc_column_text]<\/p>\n<p style=\"text-align: justify;\">Mr.sc. Smiljka Viki\u0107-Topi\u0107 ro\u0111ena je u Rijeci 1961. Diplomirala je kemiju 1985. i magistrirala biologiju 1995. na Prirodoslovno-matemati\u010dkom fakultetu (PMF) Sveu\u010dili\u0161ta u Zagrebu (SuZ). Magistarski rad pod naslovom \u201cTranskripti receptora za somatostatin u tkivima zlo\u0107udnih tumora&#8221; izra\u0111en je pod vodstvom prof. Stanimira Vuk-Pavlovi\u0107a na klinici Mayo, Rochester, Minnessotta, SAD. Nakon rada na Zavodu za organsku kemiju i biokemiju PMF-a, 1991. do 1994. boravila je u SAD-u rade\u0107i dvije godine kao istra\u017eiva\u010d-molekularni biolog u laboratoriju za ekspresiju proteina Nacionalnih instituta za zdravlje u Bethesdi, Maryland te godinu dana na klinici Mayo u Rochesteru, Minnessotta.<\/p>\n<p>[\/vc_column_text][vc_empty_space][vc_column_text]<\/p>\n<p style=\"text-align: justify;\">Po povratku u Hrvatsku radila je 14 godina u farmaceutskoj industriji, najprije u Istra\u017eiva\u010dkom institutu PLIVE, u laboratoriju za molekularnu biologiju, zatim kao koordinator istra\u017eiva\u010dkih aktivnosti koje se provode u suradnim institucijama,\u00a0 a potom u Istra\u017eiva\u010dkom centru GlaxoSmithKline-a\u00a0 kao voditelj laboratorija za biolo\u0161ko profiliranje. Tijekom rada u industriji stekla je iskustvo rada u multi i interdsciplinarnim timovima, a organiziraju\u0107i istra\u017eiva\u010dke suradnje s vanjskim institucijama stekla je bogato iskustvo u upravljanju intelektualnim vlasni\u0161tvom te pravnim i financijskim aspektima suradnji akademskih i industrijskih partnera.<\/p>\n<p>[\/vc_column_text][vc_empty_space][vc_column_text]<\/p>\n<p style=\"text-align: justify;\">Od 2009. radi kao voditeljica Ureda za znanost i transfer tehnologije u Centru za translacijska i klini\u010dka istra\u017eivanja Medicinskog fakulteta SuZ i Klini\u010dkog bolni\u010dkog centra Zagreb. Poma\u017ee istra\u017eiva\u010dima u pronala\u017eenju izvora financiranja, pripremi prijave i provedbi me\u0111unarodnih projekata, prepoznavanju i za\u0161titi rezultata znanstvenog rada koji imaju komercijalni potencijal te ja\u010danju suradnje s industrijom.<\/p>\n<p>[\/vc_column_text][vc_empty_space][vc_column_text]<\/p>\n<p style=\"text-align: justify;\">Usavr\u0161avala se kroz brojne te\u010dajeve i radionice u podru\u010dju intelektualnog vlasni\u0161tva, pregovara\u010dkih i upravlja\u010dkih vje\u0161tina, financija, pisanja projektnih prijedloga i provedbi projekata, EU fondova i sl. Iskustvo je stekla i sudjelovanjem u pisanju projektnih prijedloga za natje\u010daje Sedmog okvirnog programa (FP7), OBZOR 2020 i drugih, osobito dijelova koji se odnose na komercijalizaciju intelektualnog vlasni\u0161tva nastalog u provedbi projekata. Sudjeluje u pisanju i provedbi projekata usmjerenih ka iskori\u0161tavanju rezultata istra\u017eivanja (Provjera inovativnog koncepta, Potpora uredima za transfer tehnologije i sl.). U podru\u010dju transfera tehnologije u biomedicini usavr\u0161avala se i boravcima u inozemnim uredima rade\u0107i zajedno s njihovim stru\u010dnjacima. Tako je 2011. godine provela 5 tjedana u Uredu za transfer tehnologije Nacionalnih instituta za zdravlje, SAD (NIH OTT) i 2014. godine u Bioquarteru, Sveu\u010dili\u0161ta u Edinburghu. U sklopu FP7 projekta GLOWBRAIN posjetila je urede za transfer tehnologije Sveu\u010dili\u0161ta Minho, Portugal i Instituta za makromolekularnu kemiju u Pragu. Sudjeluje u radu EU udru\u017eenja stru\u010dnjaka za transfer tehnologije ASTP-Proton.<\/p>\n<p>[\/vc_column_text][vc_empty_space][vc_column_text]<\/p>\n<p>Smiljka Viki\u0107-Topi\u0107 je objavila 6 znanstvenih radova citiranih 140 puta, h-indeks 5 (WoS, <a href=\"https:\/\/bib.irb.hr\/lista-radova?autor=124935\">https:\/\/bib.irb.hr\/lista-radova?autor=124935<\/a>). Koautor je poglavlja \u201eTranslational Science and Personalized Medicine Approach\u201c u knjizi Person in Medicine and Healthcare, \u0110or\u0111evi\u0107, Veljko; Bra\u0161, Marijana ; Mili\u010di\u0107, Davor (ur.). Redovito pi\u0161e \u010dlanke za glasilo Medicinskog fakulteta Sveu\u010dili\u0161ta u Zagrebu, mef.hr <a href=\"http:\/\/www.mef.unizg.hr\/o-nama\/mef-hr\/\">http:\/\/www.mef.unizg.hr\/o-nama\/mef-hr\/<\/a>.<\/p>\n<p>[\/vc_column_text][vc_empty_space][vc_column_text]<\/p>\n<p style=\"text-align: justify;\">Sudjeluje u nastavi na doktorskom studiju Biomedicina i zdravstvo kao suradnik na modulima \u201eIntelektualno vlasni\u0161tvo u biomedicini i razvoju lijekova\u201c i \u201eProjekti\u201c\u00a0 kolegija \u201eStruktura, metodologija i funkcioniranje znanstvenog rada\u201c. Odr\u017eala je brojne radionice i sudjelovala s prezentacijama vezanim uz intelektualno vlasni\u0161tvo, komercijalizaciju istra\u017eivanja, suradnju s industrijom, iskustvima drugih u podru\u010dju prijenosa tehnologije i dr.<\/p>\n<p>[\/vc_column_text][vc_empty_space][vc_column_text]<\/p>\n<p style=\"text-align: justify;\">Sudjelovala je na projektima Opening University toward society (OPUS-TEMPUS), IPA-Tehnolo\u0161ko mapiranje Sveu\u010dili\u0161ta u Zagrebu i BISTEC te Glowbrain kroz koje se dodatno educirala u podru\u010dju. Suradnik je na projektu FP7 OSTEOGROW profesora Vuki\u010devi\u0107a.<\/p>\n<p>[\/vc_column_text][vc_empty_space][vc_column_text]<\/p>\n<p style=\"text-align: justify;\">Web stranica Ured za znanost i transfer tehnologije:<\/p>\n<p>[\/vc_column_text][vc_empty_space][vc_column_text]<\/p>\n<p style=\"text-align: justify;\"><a href=\"http:\/\/www.mef.unizg.hr\/o-nama\/ustroj\/centri\/centar-za-translacijska-i-klinicka-istrazivanja\/\">http:\/\/www.mef.unizg.hr\/o-nama\/ustroj\/centri\/centar-za-translacijska-i-klinicka-istrazivanja\/<\/a><\/p>\n<p>[\/vc_column_text][vc_empty_space][vc_column_text]<\/p>\n<p>[\/vc_column_text][\/vc_column][vc_column width=&#8221;1\/3&#8243;][vc_single_image image=&#8221;15944&#8243; img_size=&#8221;medium&#8221; qode_css_animation=&#8221;&#8221;][vc_empty_space][vc_column_text]<\/p>\n<h5>Predmeti<\/h5>\n<p>[\/vc_column_text][vc_separator type=&#8221;normal&#8221;][vc_column_text]<a href=\"http:\/\/intvla.unizg.hr\/index.php\/poslovni-i-pravni-aspekti-ugovora-u-podrucju-industrijskog-vlasnistva\/\">Poslovni i pravni aspekti ugovora u podru\u010dju industrijskog vlasni\u0161tva<\/a><\/p>\n<p><a href=\"http:\/\/intvla.unizg.hr\/index.php\/upravljanje-intelektualnim-vlasnistvom\/\">Upravljanje intelektualnim vlasni\u0161tvom<\/a><\/p>\n<p><a href=\"http:\/\/intvla.unizg.hr\/index.php\/upravljanje-intelektualnim-vlasnistvom\/\">Intelektualno vlasni\u0161tvo u istra\u017eivanju lijekova i biomedicini<\/a>[\/vc_column_text][vc_empty_space][vc_column_text]<\/p>\n<h5>Mati\u010dna ustanova<\/h5>\n<p>[\/vc_column_text][vc_separator type=&#8221;normal&#8221;][vc_column_text]Medicinski\u00a0fakultet Sveu\u010dili\u0161ta u Zagrebu[\/vc_column_text][\/vc_column][\/vc_row]<\/p>\n<\/section>","protected":false},"excerpt":{"rendered":"<p>[vc_row row_type=&#8221;row&#8221; use_row_as_full_screen_section=&#8221;no&#8221; type=&#8221;full_width&#8221; angled_section=&#8221;no&#8221; text_align=&#8221;left&#8221; background_image_as_pattern=&#8221;without_pattern&#8221; css_animation=&#8221;&#8221;][vc_column][vc_column_text] Mr. sc.\u00a0Smiljka Viki\u0107-Topi\u0107 [\/vc_column_text][vc_empty_space][vc_column_text] [\/vc_column_text][\/vc_column][\/vc_row][vc_row row_type=&#8221;row&#8221; use_row_as_full_screen_section=&#8221;no&#8221; type=&#8221;full_width&#8221; angled_section=&#8221;no&#8221; text_align=&#8221;left&#8221; background_image_as_pattern=&#8221;without_pattern&#8221; padding_bottom=&#8221;75&#8243; css_animation=&#8221;&#8221;][vc_column width=&#8221;2\/3&#8243;][vc_column_text] Mr.sc. Smiljka Viki\u0107-Topi\u0107 ro\u0111ena je u Rijeci 1961. Diplomirala je kemiju 1985. i magistrirala biologiju 1995. na Prirodoslovno-matemati\u010dkom fakultetu (PMF) Sveu\u010dili\u0161ta u Zagrebu&#8230;<\/p>\n","protected":false},"author":3,"featured_media":0,"parent":0,"menu_order":0,"comment_status":"closed","ping_status":"closed","template":"","meta":{"footnotes":""},"_links":{"self":[{"href":"https:\/\/intvla.unizg.hr\/index.php\/wp-json\/wp\/v2\/pages\/15938"}],"collection":[{"href":"https:\/\/intvla.unizg.hr\/index.php\/wp-json\/wp\/v2\/pages"}],"about":[{"href":"https:\/\/intvla.unizg.hr\/index.php\/wp-json\/wp\/v2\/types\/page"}],"author":[{"embeddable":true,"href":"https:\/\/intvla.unizg.hr\/index.php\/wp-json\/wp\/v2\/users\/3"}],"replies":[{"embeddable":true,"href":"https:\/\/intvla.unizg.hr\/index.php\/wp-json\/wp\/v2\/comments?post=15938"}],"version-history":[{"count":10,"href":"https:\/\/intvla.unizg.hr\/index.php\/wp-json\/wp\/v2\/pages\/15938\/revisions"}],"predecessor-version":[{"id":16645,"href":"https:\/\/intvla.unizg.hr\/index.php\/wp-json\/wp\/v2\/pages\/15938\/revisions\/16645"}],"wp:attachment":[{"href":"https:\/\/intvla.unizg.hr\/index.php\/wp-json\/wp\/v2\/media?parent=15938"}],"curies":[{"name":"wp","href":"https:\/\/api.w.org\/{rel}","templated":true}]}}