{"id":15928,"date":"2016-01-26T15:46:43","date_gmt":"2016-01-26T15:46:43","guid":{"rendered":"http:\/\/virgo.pravo.hr\/intvla\/www\/wordpress\/?page_id=15928"},"modified":"2019-06-02T16:34:16","modified_gmt":"2019-06-02T14:34:16","slug":"sandra-horvat","status":"publish","type":"page","link":"https:\/\/intvla.unizg.hr\/index.php\/sandra-horvat\/","title":{"rendered":"Sandra Horvat"},"content":{"rendered":"<section class=\"wpb-content-wrapper\"><p>[vc_row row_type=&#8221;row&#8221; use_row_as_full_screen_section=&#8221;no&#8221; type=&#8221;full_width&#8221; angled_section=&#8221;no&#8221; text_align=&#8221;left&#8221; background_image_as_pattern=&#8221;without_pattern&#8221; css_animation=&#8221;&#8221;][vc_column][vc_column_text]<\/p>\n<h3><strong>Doc. dr. sc. Sandra Horvat<\/strong><\/h3>\n<p>[\/vc_column_text][vc_empty_space][vc_column_text]<\/p>\n<p>[\/vc_column_text][\/vc_column][\/vc_row][vc_row row_type=&#8221;row&#8221; use_row_as_full_screen_section=&#8221;no&#8221; type=&#8221;full_width&#8221; angled_section=&#8221;no&#8221; text_align=&#8221;left&#8221; background_image_as_pattern=&#8221;without_pattern&#8221; padding_bottom=&#8221;75&#8243; css_animation=&#8221;&#8221;][vc_column width=&#8221;2\/3&#8243;][vc_column_text]<\/p>\n<p>Poslijediplomski studij Poslovno upravljanje \u2013 MBA na Ekonomskom fakultetu u Zagrebu je upisala 2006. godine. Titulu magistra znanosti stekla je 11. o\u017eujka 2009. godine obranom magistarskog rada pod nazivom \u201e<em>Razvoj privatnih maraka u Republici Hrvatskoj<\/em>\u201c. Akademski stupanj doktora znanosti stekla je 21. o\u017eujka 2012. godine obranom doktorske disertacije pod naslovom \u201e<em>Upravljanje privatnim markama u fazi rasta \u017eivotnog ciklusa proizvoda<\/em>\u201c. Godine 2007. uspje\u0161no je zavr\u0161ila Program edukacije za razvijanje kompetencija visoko\u0161kolskih nastavnika (edukacija iz podru\u010dja didaktike, psihologije, retorike, hrvatskog jezika i informatike) organiziran u suradnji Ekonomskog fakulteta i Filozofskog fakulteta Sveu\u010dili\u0161ta u Zagrebu.<\/p>\n<p>[\/vc_column_text][vc_empty_space][vc_column_text]<\/p>\n<p>Zaposlena je na Katedri za marketing na Ekonomskom fakultetu u Zagrebu u svojstvima asistenta (od travnja 2006. godine), vi\u0161eg asistenta (od travnja 2012. godine) te docenta (od sije\u010dnja 2016. godine). Doc. dr. sc. Sandra Horvat na Ekonomskom fakultetu u Zagrebu sudjeluje u izvo\u0111enju nastave na kolegijima Marketing i Upravljanje marketingom na preddiplomskom studiju te kao gost predava\u010d na kolegiju Upravljanje markom na diplomskom i poslijediplomskim studijima. Od svog dolaska na fakultet uklju\u010dena je u implementaciju e-u\u010denja na Ekonomskom fakultetu kroz razvoj i izvo\u0111enje e-kolegija Marketing. Za navedeni kolegij je dobila nagradu Sveu\u010dili\u0161ta u Zagrebu za pedago\u0161ko\/didakti\u010dko oblikovanje e-kolegija na natje\u010daju za najbolji e-kolegij u akademskoj godini 2009.\/2010.<\/p>\n<p>[\/vc_column_text][vc_empty_space][vc_column_text]<\/p>\n<p>Na Ekonomskom fakultetu u Zagrebu mentorirala je 18 zavr\u0161nih radova studenata na preddiplomskom studiju, 33 diplomska rada na diplomskom studiju te vi\u0161e desetaka seminarskih radova na svim razinama studija.<\/p>\n<p>[\/vc_column_text][vc_empty_space][vc_column_text]<\/p>\n<p>Recenzent je za znanstvene \u010dasopise Tr\u017ei\u0161te, Acta Turistica, Ekonomski pregled i Ekonomski vjesnik.<\/p>\n<p>[\/vc_column_text][vc_empty_space][vc_column_text]<\/p>\n<p>Doc. dr. sc. Sandra Horvat bila je suradnica na projektu \u201e<em>Usvajanje na\u010dela HKO u visokoobrazovnim institucijama u polju ekonomija \u2013 ECONQUAL<\/em>\u201c pod vodstvom Ekonomskog fakulteta Sveu\u010dili\u0161ta u Rijeci. Sudjelovala je na nekoliko razvojnih projekata Sveu\u010dili\u0161ta u Zagrebu:<\/p>\n<p>[\/vc_column_text][vc_empty_space][vc_column_text]<\/p>\n<ul>\n<li>\u201e<em>Razvoj modela mjerenja i upravljanja reputacijom sastavnica Sveu\u010dili\u0161ta u Zagrebu<\/em>\u201c (voditeljica projekta: prof. dr. sc. Ana Tkalac Ver\u010di\u010d)<\/li>\n<li>\u201e<em>Razvoj metodologije upravljanja projektima na implementacijama e-kolegija<\/em>\u201c (voditelj projekta: mr. sc. Davor Deli\u0107, Gra\u0111evinski fakultet)<\/li>\n<li><em>\u201eUpravljanje tr\u017ei\u0161nim promjenama putem strategija razvoja tr\u017ei\u0161ta\u201c<\/em>(voditelj projekta: doc. dr. sc. Goran Vla\u0161i\u0107)<\/li>\n<li><em>\u201e\u010cimbenici odabira strategija razvoja tr\u017ei\u0161ta i strategija prilagodbe tr\u017ei\u0161tu\u201c<\/em>(voditelj projekta: doc. dr. sc. Goran Vla\u0161i\u0107)<\/li>\n<\/ul>\n<p>[\/vc_column_text][vc_empty_space][vc_column_text]<\/p>\n<p>Upisana je u Upisnik znanstvenika i istra\u017eiva\u010da Ministarstva znanosti, obrazovanja i \u0161porta RH pod rednim brojem 286555. Do sada je samostalno i u koautorstvu objavila 20 znanstvenih radova. Sudjelovala je na 19 me\u0111unarodnih i doma\u0107ih konferencija i znanstvenih skupova.<\/p>\n<p>[\/vc_column_text][vc_empty_space][vc_column_text]<\/p>\n<p>Aktivno se slu\u017ei engleskim i njema\u010dkim jezikom. Udana je i majka dvoje djece.<\/p>\n<p>[\/vc_column_text][vc_empty_space][vc_column_text]<\/p>\n<p>[\/vc_column_text][\/vc_column][vc_column width=&#8221;1\/3&#8243;][vc_single_image image=&#8221;15929&#8243; img_size=&#8221;medium&#8221; add_caption=&#8221;yes&#8221; qode_css_animation=&#8221;&#8221;][vc_empty_space][vc_column_text]<\/p>\n<h5>Predmeti<\/h5>\n<p>[\/vc_column_text][vc_separator type=&#8221;normal&#8221;][vc_column_text]<a href=\"http:\/\/intvla.unizg.hr\/index.php\/upravljanje-markom\/\">Upravljanje markom\u00a0<\/a>[\/vc_column_text][vc_empty_space][vc_column_text]<\/p>\n<h5>Mati\u010dna ustanova<\/h5>\n<p>[\/vc_column_text][vc_separator type=&#8221;normal&#8221;][vc_column_text]Ekonomski\u00a0fakultet Sveu\u010dili\u0161ta u Zagrebu[\/vc_column_text][\/vc_column][\/vc_row]<\/p>\n<\/section>","protected":false},"excerpt":{"rendered":"<p>[vc_row row_type=&#8221;row&#8221; use_row_as_full_screen_section=&#8221;no&#8221; type=&#8221;full_width&#8221; angled_section=&#8221;no&#8221; text_align=&#8221;left&#8221; background_image_as_pattern=&#8221;without_pattern&#8221; css_animation=&#8221;&#8221;][vc_column][vc_column_text] Doc. dr. sc. Sandra Horvat [\/vc_column_text][vc_empty_space][vc_column_text] [\/vc_column_text][\/vc_column][\/vc_row][vc_row row_type=&#8221;row&#8221; use_row_as_full_screen_section=&#8221;no&#8221; type=&#8221;full_width&#8221; angled_section=&#8221;no&#8221; text_align=&#8221;left&#8221; background_image_as_pattern=&#8221;without_pattern&#8221; padding_bottom=&#8221;75&#8243; css_animation=&#8221;&#8221;][vc_column width=&#8221;2\/3&#8243;][vc_column_text] Poslijediplomski studij Poslovno upravljanje \u2013 MBA na Ekonomskom fakultetu u Zagrebu je upisala 2006. godine. Titulu magistra znanosti stekla je 11&#8230;.<\/p>\n","protected":false},"author":3,"featured_media":0,"parent":0,"menu_order":0,"comment_status":"closed","ping_status":"closed","template":"","meta":{"footnotes":""},"_links":{"self":[{"href":"https:\/\/intvla.unizg.hr\/index.php\/wp-json\/wp\/v2\/pages\/15928"}],"collection":[{"href":"https:\/\/intvla.unizg.hr\/index.php\/wp-json\/wp\/v2\/pages"}],"about":[{"href":"https:\/\/intvla.unizg.hr\/index.php\/wp-json\/wp\/v2\/types\/page"}],"author":[{"embeddable":true,"href":"https:\/\/intvla.unizg.hr\/index.php\/wp-json\/wp\/v2\/users\/3"}],"replies":[{"embeddable":true,"href":"https:\/\/intvla.unizg.hr\/index.php\/wp-json\/wp\/v2\/comments?post=15928"}],"version-history":[{"count":6,"href":"https:\/\/intvla.unizg.hr\/index.php\/wp-json\/wp\/v2\/pages\/15928\/revisions"}],"predecessor-version":[{"id":16724,"href":"https:\/\/intvla.unizg.hr\/index.php\/wp-json\/wp\/v2\/pages\/15928\/revisions\/16724"}],"wp:attachment":[{"href":"https:\/\/intvla.unizg.hr\/index.php\/wp-json\/wp\/v2\/media?parent=15928"}],"curies":[{"name":"wp","href":"https:\/\/api.w.org\/{rel}","templated":true}]}}